?
True
Is 983 a factor of 2600035?
True
Does 35 divide 2460928?
False
Is 278476 a multiple of 44?
True
Does 8 divide 562961?
False
Is 234906 a multiple of 49?
True
Is 50269 a multiple of 45?
False
Is 6745488 a multiple of 146?
False
Is 94 a factor of 197588?
True
Does 366 divide 531432?
True
Is 13 a factor of 16744?
True
Is 17 a factor of 16995123?
False
Does 25 divide 387035?
False
Is 172275 a multiple of 25?
True
Does 11 divide 207812?
True
Is 3834546 a multiple of 39?
False
Is 228 a factor of 505704?
True
Does 254 divide 23575772?
True
Is 31 a factor of 2139620?
True
Is 145 a factor of 97585?
True
Does 13 divide 293799?
False
Is 17 a factor of 16183?
False
Does 13 divide 226823?
False
Is 2 a factor of 46306?
True
Is 40 a factor of 9129?
False
Does 546 divide 2306850?
True
Does 108 divide 129294?
False
Is 2652 a multiple of 26?
True
Is 88894 a multiple of 12?
False
Is 7451264 a multiple of 92?
True
Is 193 a factor of 533645?
True
Is 415 a factor of 553610?
True
Does 1144 divide 7450872?
True
Does 40 divide 375015?
False
Is 574 a factor of 6639380?
False
Is 11 a factor of 1917977?
False
Is 14 a factor of 398874?
True
Does 94 divide 402696?
True
Does 495 divide 2937780?
False
Does 11 divide 1759360?
False
Does 241 divide 131939?
False
Does 53 divide 188044?
True
Is 73476 a multiple of 39?
True
Is 32 a factor of 55300?
False
Does 735 divide 5092080?
True
Does 12 divide 7833054?
False
Is 197 a factor of 1253708?
True
Is 250180 a multiple of 20?
True
Is 63 a factor of 31248?
True
Is 2754719 a multiple of 119?
False
Is 670 a factor of 1066170?
False
Does 11 divide 62601?
True
Is 49134 a multiple of 57?
True
Is 969696 a multiple of 111?
True
Is 10 a factor of 3200?
True
Is 40 a factor of 569292?
False
Is 56 a factor of 8336067?
False
Is 114 a factor of 42269?
False
Does 32 divide 7744?
True
Is 33 a factor of 397617?
True
Is 1850502 a multiple of 5?
False
Is 104 a factor of 13186?
False
Does 6 divide 1334760?
True
Is 265 a factor of 4578918?
False
Does 222 divide 6864462?
True
Is 178 a factor of 8177320?
True
Is 145480 a multiple of 40?
True
Does 100 divide 6329899?
False
Is 366072 a multiple of 30?
False
Is 116144 a multiple of 68?
True
Does 432 divide 419904?
True
Is 256 a factor of 165079?
False
Is 391760 a multiple of 10?
True
Does 274 divide 455995?
False
Does 12 divide 20557?
False
Is 264 a factor of 1026398?
False
Is 14 a factor of 377251?
False
Is 5 a factor of 979180?
True
Does 63 divide 98860?
False
Is 256871 a multiple of 150?
False
Is 5 a factor of 232935?
True
Is 1907160 a multiple of 12?
True
Is 3433518 a multiple of 10?
False
Does 16 divide 2807648?
True
Is 87 a factor of 146390?
False
Is 2714437 a multiple of 136?
False
Is 1130766 a multiple of 218?
True
Is 68 a factor of 1767098?
False
Does 128 divide 1017216?
True
Does 466 divide 3018748?
True
Does 10 divide 522920?
True
Does 16 divide 86806?
False
Does 120 divide 1078961?
False
Does 34 divide 2836667?
False
Does 90 divide 39420?
True
Is 561 a factor of 158919?
False
Is 1146000 a multiple of 20?
True
Is 60965 a multiple of 89?
True
Is 4844136 a multiple of 354?
True
Is 13 a factor of 529321?
True
Is 8 a factor of 384648?
True
Does 142 divide 62010?
False
Is 989106 a multiple of 58?
False
Is 1149297 a multiple of 146?
False
Is 420921 a multiple of 3?
True
Is 6765696 a multiple of 42?
True
Does 4 divide 1780598?
False
Does 653 divide 3691409?
True
Is 1213927 a multiple of 831?
False
Is 10 a factor of 1045170?
True
Does 105 divide 328755?
True
Is 154 a factor of 4655023?
False
Is 1059927 a multiple of 33?
True
Does 30 divide 5403420?
True
Does 261 divide 330591?
False
Does 23 divide 2021401?
True
Does 1337 divide 5808987?
False
Does 23 divide 1801455?
False
Is 6 a factor of 1115580?
True
Is 8465092 a multiple of 8?
False
Is 689606 a multiple of 155?
False
Does 652 divide 21512740?
True
Does 3 divide 3310548?
True
Does 627 divide 7582938?
True
Does 198 divide 31482?
True
Does 432 divide 32859?
False
Is 8523476 a multiple of 34?
False
Does 5 divide 7263769?
False
Is 5 a factor of 102297?
False
Is 1927 a factor of 7158805?
True
Does 73 divide 1893059?
False
Is 16438 a multiple of 36?
False
Is 525930 a multiple of 30?
True
Does 141 divide 87561?
True
Does 11 divide 636266?
False
Is 696566 a multiple of 311?
False
Is 125 a factor of 2119389?
False
Is 2063453 a multiple of 9?
False
Is 55 a factor of 256770?
False
Does 209 divide 22138586?
False
Is 188924 a multiple of 4?
True
Does 12 divide 1111341?
False
Is 194364 a multiple of 36?
True
Does 28 divide 12492?
False
Does 8 divide 27192?
True
Is 59 a factor of 899861?
False
Does 617 divide 2882624?
True
Does 80 divide 1708080?
True
Does 35 divide 26460?
True
Is 24 a factor of 12540?
False
Is 1995208 a multiple of 17?
False
Does 132 divide 2299811?
False
Is 37 a factor of 81807?
True
Is 64 a factor of 1012205?
False
Is 5820265 a multiple of 178?
False
Is 38 a factor of 249926?
True
Is 866970 a multiple of 507?
True
Is 250258 a multiple of 436?
False
Is 99 a factor of 837540?
True
Is 2504152 a multiple of 7?
True
Is 204281 a multiple of 379?
True
Is 145 a factor of 263610?
True
Does 223 divide 2580622?
False
Does 129 divide 8107392?
True
Is 28 a factor of 5690?
False
Is 1826545 a multiple of 35?
True
Is 3658336 a multiple of 866?
False
Does 9 divide 195012?
True
Is 405851 a multiple of 192?
False
Is 122 a factor of 813981?
False
Is 1245766 a multiple of 142?
True
Is 35 a factor of 374732?
False
Is 408 a factor of 1852923?
False
Is 49 a factor of 25523?
False
Does 31 divide 4488415?
False
Is 108 a factor of 460296?
True
Does 437 divide 6336937?
True
Does 3 divide 1316664?
True
Does 72 divide 906120?
True
Does 97 divide 3846228?
False
Is 16 a factor of 5750304?
True
Does 136 divide 229146?
False
Is 1921766 a multiple of 16?
False
Is 2665710 a multiple of 1097?
True
Is 12 a factor of 8008512?
True
Is 283475 a multiple of 493?
True
Is 10 a factor of 831809?
False
Is 104 a factor of 6537784?
False
Is 406272 a multiple of 256?
True
Is 5 a factor of 8955?
True
Is 69153 a multiple of 21?
True
Does 111 divide 2783573?
False
Is 10 a factor of 1511936?
False
Is 142 a factor of 2025324?
False
Is 104868 a multiple of 36?
True
Does 6 divide 15758?
False
Is 14 a factor of 117292?
True
Is 102780 a multiple of 15?
True
Is 373 a factor of 676249?
True
Is 11 a factor of 444505?
False
Is 385406 a multiple of 235?
False
Does 20 divide 3215500?
True
Is 14162 a multiple of 97?
True
Is 14826414 a multiple of 49?
False
Does 591 divide 215715?
True
Does 26 divide 249966?
False
Is 63882 a multiple of 6?
True
Does 4 divide 22379?
False
Does 131 divide 11861657?
True
Is 1758773 a multiple of 21?
False
Does 72 divide 789955?
False
Is 281 a factor of 273132?
True
Does 8 divide 63304?
True
Is 11 a factor of 1482800?
True
Is 11871618 a multiple of 1082?
False
Does 3 divide 22917?
True
Does 51 divide 28626810?
True
Does 8 divide 3010000?
True
Is 249660 a multiple of 95?
True
Is 447372 a multiple of 135?
False
Does 37 divide 2435059?
False
Is 522 a factor of 118972?
False
Is 4 a factor of 2660164?
True
Is 5329275 a multiple of 1496?
False
Is 669276 a multiple of 9?
True
Does 146 divide 1752?
True
Is 10 a factor of 295130?
True
Is 5 a factor of 90482?
False
Does 42 divide 2070516?
True
Is 145736 a multiple of 52?
False
Is 251388 a multiple of 324?
False
Does 22 divide 4969668?
True
Is 1432343 a multiple of 169?
False
Does 529 divide 4637214?
True
Is 15 a factor of 554415?
True
Does 137 divide 2367668?
False
Is 1807 a multiple of 27?
False
Is 105928 a multiple of 15?
False
Is 18 a factor of 2808?
True
Is 190 a factor of 141421?
False
Is 198952 a multiple of 177?
False
Is 465750 a multiple of 375?
True
Is 4914837 a multiple of 13?
False
Is 80 a factor of 845680?
True
Is 7 a factor of 2352304?
False
Is 92722 a multiple of 179?
True
Does 47 divide 218362?
True
Is 2 a factor of 55957?
False
Does 42 divide 639366?
True
Is 10906893 a multiple of 373?
True
Is 207249 a multiple of 6?
False
Is 1799352 a multiple of 8?
True
Does 282 divide 49688?
False
Is 2275200 a multiple of 474?
True
Is 179719 a multiple of 10?
False
Is 62718 a multiple of 4?
False
Is 169434 a multiple of 220?
False
Does 21 divide 967155?
True
Does 64 divide 46720?
True
Is 412076 a multiple of 3?
False
Is 118 a fact